403834474?
2, 7, 100273891
What are the prime factors of 2804819487?
3, 317, 2949337
List the prime factors of 2925504440.
2, 5, 163, 448697
What are the prime factors of 257879872?
2, 4029373
What are the prime factors of 1576900417?
181, 8712157
What are the prime factors of 1610234?
2, 41, 73, 269
What are the prime factors of 11561?
11, 1051
List the prime factors of 5277406.
2, 857, 3079
List the prime factors of 283938260.
2, 5, 2029, 6997
List the prime factors of 152607583.
1861, 82003
List the prime factors of 841835802.
2, 3, 140305967
List the prime factors of 4265722132.
2, 7, 8731, 17449
List the prime factors of 31396360.
2, 5, 19, 109, 379
What are the prime factors of 21856749?
3, 29, 8663
What are the prime factors of 2132271643?
2132271643
What are the prime factors of 92959357?
1657, 56101
List the prime factors of 246894081.
3, 7, 29, 37, 10957
List the prime factors of 2299813184.
2, 35934581
List the prime factors of 10000156.
2, 19, 131581
What are the prime factors of 10596689?
37, 286397
List the prime factors of 47077503.
3, 11, 47, 127, 239
List the prime factors of 1291121928.
2, 3, 23, 779663
List the prime factors of 346278648.
2, 3, 19, 643, 1181
List the prime factors of 57707672.
2, 11, 53, 12373
What are the prime factors of 4269798121?
4269798121
What are the prime factors of 71188447?
11, 6471677
List the prime factors of 2176329694.
2, 7, 11, 14132011
What are the prime factors of 119551922?
2, 7, 17, 353, 1423
List the prime factors of 824271062.
2, 761, 541571
List the prime factors of 60539245.
5, 13, 641, 1453
List the prime factors of 161039024.
2, 61, 164999
List the prime factors of 3443532180.
2, 3, 5, 11, 1949, 2677
What are the prime factors of 3060958719?
3, 7, 13, 173, 64811
List the prime factors of 43190422.
2, 11, 1963201
What are the prime factors of 412027045?
5, 17, 31, 271, 577
What are the prime factors of 20007106?
2, 7, 131, 10909
What are the prime factors of 451016945?
5, 59, 1528871
List the prime factors of 945110257.
7, 13, 17, 53, 11527
What are the prime factors of 73773156?
2, 3, 61, 97, 1039
What are the prime factors of 243096824?
2, 30387103
What are the prime factors of 235429589?
19, 12391031
List the prime factors of 50076711.
3, 206077
List the prime factors of 50477998.
2, 17, 79, 18793
What are the prime factors of 971486681?
11, 71, 733, 1697
What are the prime factors of 20671729?
13, 1590133
List the prime factors of 41015225.
5, 1640609
What are the prime factors of 20930491?
617, 33923
What are the prime factors of 1545850736?
2, 96615671
List the prime factors of 265715569.
7, 2833, 13399
What are the prime factors of 1212597368?
2, 47, 613, 5261
List the prime factors of 272985926.
2, 37, 137, 26927
What are the prime factors of 3377307715?
5, 13619, 49597
What are the prime factors of 45866587?
13, 113, 31223
What are the prime factors of 51144563?
59, 866857
List the prime factors of 2885052296.
2, 7, 51518791
What are the prime factors of 67807467?
3, 7, 13, 82793
List the prime factors of 2949491149.
11, 37, 79, 91733
List the prime factors of 4534904330.
2, 5, 11, 41226403
List the prime factors of 2059095049.
11, 1093, 171263
List the prime factors of 73839428.
2, 13, 43, 33023
What are the prime factors of 2393226133?
31, 77200843
List the prime factors of 1891651533.
3, 19, 5237, 6337
What are the prime factors of 162540139?
162540139
List the prime factors of 591753061.
409, 1446829
List the prime factors of 104709302.
2, 73, 463, 1549
List the prime factors of 525653922.
2, 3, 47, 257, 7253
What are the prime factors of 1641318?
2, 3, 7, 39079
What are the prime factors of 5673000?
2, 3, 5, 31, 61
What are the prime factors of 211720855?
5, 31, 281, 4861
List the prime factors of 6836686871.
7, 6379, 153107
List the prime factors of 486253797.
3, 162084599
List the prime factors of 367169710.
2, 5, 311, 118061
List the prime factors of 108361755.
3, 5, 2408039
What are the prime factors of 134579445?
3, 5, 7, 11, 13, 8963
What are the prime factors of 55704547?
2297, 24251
What are the prime factors of 308137527?
3, 43, 88469
List the prime factors of 145122960.
2, 3, 5, 29, 719
List the prime factors of 877147458.
2, 3, 11, 23, 577831
List the prime factors of 96439674.
2, 3, 17, 29, 32603
What are the prime factors of 5556082463?
5556082463
List the prime factors of 47156159.
257, 183487
What are the prime factors of 2024224292?
2, 1399, 361727
What are the prime factors of 81460426?
2, 1193, 34141
List the prime factors of 1881371068.
2, 383, 863, 1423
List the prime factors of 136719891.
3, 7, 11, 29, 6803
What are the prime factors of 670984794?
2, 3, 37276933
List the prime factors of 319142643.
3, 47, 2263423
What are the prime factors of 629634844?
2, 19, 23, 15661
List the prime factors of 339559609.
191, 1777799
List the prime factors of 65694805.
5, 11, 461, 2591
List the prime factors of 456189201.
3, 13, 3899053
What are the prime factors of 21813728?
2, 43, 83, 191
List the prime factors of 2959015541.
37, 79973393
List the prime factors of 140625561.
3, 827, 56681
List the prime factors of 62235702.
2, 3, 37, 3461
What are the prime factors of 2635457958?
2, 3, 7, 774679
What are the prime factors of 398575908?
2, 3, 2729, 4057
What are the prime factors of 671230359?
3, 47, 719, 2207
What are the prime factors of 62127738?
2, 3, 23, 150067
What are the prime factors of 1002045606?
2, 3, 1373, 121637
List the prime factors of 649130087.
269, 2413123
List the prime factors of 413947355.
5, 82789471
What are the prime factors of 146397983?
19, 7705157
What are the prime factors of 2509942245?
3, 5, 167329483
What are the prime factors of 149542150?
2, 5, 53, 56431
What are the prime factors of 98613263?
7, 31, 131, 3469
List the prime factors of 353464908.
2, 3, 29455409
What are the prime factors of 256893488?
2, 16055843
What are the prime factors of 116088680?
2, 5, 2902217
What are the prime factors of 311244623?
191, 211, 7723
What are the prime factors of 45788872?
2, 67, 85427
What are the prime factors of 2060643537?
3, 19, 4016849
List the prime factors of 66466980.
2, 3, 5, 89, 461
List the prime factors of 1005320176.
2, 7, 8976073
List the prime factors of 172246826.
2, 541, 159193
What are the prime factors of 549145199?
67, 1307, 6271
What are the prime factors of 25823282?
2, 29, 445229
What are the prime factors of 5889254873?
5889254873
What are the prime factors of 96350829?
3, 211, 152213
List the prime factors of 41012621.
13, 19, 166043
What are the prime factors of 89798070?
2, 3, 5, 2993269
List the prime factors of 71923149.
3, 103, 77587
What are the prime factors of 226546921?
6449, 35129
List the prime factors of 17409003.
3, 17, 179, 1907
What are the prime factors of 21397422?
2, 3, 311, 11467
List the prime factors of 151359681.
3, 11, 19, 163, 1481
List the prime factors of 91947575.
5, 251, 14653
List the prime factors of 563758502.
2, 67, 1051, 4003
What are the prime factors of 173250070?
2, 5, 7, 89, 27809
What are the prime factors of 64246396?
2, 16061599
List the prime factors of 96838708.
2, 24209677
List the prime factors of 3911784665.
5, 59, 13260287
What are the prime factors of 46829898?
2, 3, 2601661
List the prime factors of 414221045.
5, 7, 83, 142589
List the prime factors of 1671183256.
2, 9547, 21881
What are the prime factors of 368935664?
2, 83, 277813
What are the prime factors of 776326221?
3, 11, 157, 16649
What are the prime factors of 22835322?
2, 3, 43, 163, 181
What are the prime factors of 153526772?
2, 7, 113, 48523
List the prime factors of 38852918.
2, 13, 1494343
List the prime factors of 441605047.
13, 61, 157, 3547
List the prime factors of 432466788.
2, 3, 13, 241, 11503
List the prime factors of 3423906448.
2, 6337, 33769
What are the prime factors of 547358333?
17, 173, 186113
What are the prime factors of 374505249?
3, 124835083
What are the prime factors of 333936866?
2, 166968433
What are the prime factors of 657754140?
2, 3, 5, 17, 644857
What are the prime factors of 90651567?
3, 4903, 6163
What are the prime factors of 1132984284?
2, 3, 389, 242713
What are the prime factors of 1326073291?
41, 223, 145037
List the prime factors of 131095925.
5, 17, 47, 6563
Lis